uppose -f*x - 36 = -2*i + 3*x, 0 = i - 2*x - 16. What is the units digit of i?
8
Suppose -10*g - 624 = -16*g. What is the hundreds digit of g?
1
What is the units digit of (-171)/(-4) - (-2)/8?
3
Suppose -4*x + j = 4*j - 651, -15 = -3*j. What is the hundreds digit of x?
1
Suppose 3*o - 3*j - 22 = j, 5*o - 4*j = 26. Suppose o*d = -3*d + 10, 15 = r + d. What is the units digit of r?
3
Let q(r) = -8*r - 10. What is the units digit of q(-5)?
0
Let u(r) = 45*r + 11. What is the tens digit of u(3)?
4
Suppose 0 = -3*m - 5*i + 6 + 17, 0 = 5*m + 2*i - 13. Suppose -m = -3*f + 14. What is the units digit of f?
5
Let o(g) = g**3 - 13*g**2. Let w be o(13). What is the tens digit of (1 - w)*19/1?
1
Let n = 5 - -50. What is the tens digit of n?
5
Let a(p) = p**3 + 11*p**2 + 10*p - 5. What is the tens digit of a(-9)?
6
Let r(p) = -4*p. Let v be r(1). Let k = v - -26. What is the units digit of k?
2
Let h = -53 - -106. What is the tens digit of h?
5
What is the units digit of 12/(-36) - (-626)/6?
4
Let c = 318 + -89. What is the units digit of c?
9
Suppose 0*d - 24 = -4*d. What is the tens digit of d/(-27) - (-137)/9?
1
Let c = 6 + 15. What is the units digit of c?
1
Suppose 94 = 4*q - 2*m - 0*m, m - 79 = -4*q. What is the tens digit of q?
2
Suppose 0 = -2*p - 4*c + 24, 0*c + 28 = 3*p + 4*c. Let x be (2/(-6))/(p/(-12)). What is the units digit of x*15*4/6?
0
Let m(l) = l. Let q(n) = -n**3 + 4*n**2 - 3*n + 2. Let g be q(2). Let j = g - 2. What is the units digit of m(j)?
2
Let m(u) = 67*u + 36. What is the tens digit of m(4)?
0
Let t = 64 - 8. What is the units digit of t?
6
Suppose -2*a + 26 = -u + 2*u, -a - 23 = -u. What is the units digit of u?
4
Let f be 12/(-8)*8/6. Let v(l) = -l**3 - l**2 - l - 2. Let n be v(f). Suppose i - 3*i + 20 = -n*o, -5*o = 0. What is the units digit of i?
0
Let o be ((-3)/9)/(2/(-66)). Suppose -2*q - 4*l + 24 = 0, o*q + 15 = 6*q + 5*l. Suppose q*f = -g - 3*g + 2, f - 36 = 5*g. What is the tens digit of f?
1
Suppose -6*o = -3*h - 5*o + 329, 4*h + 4*o - 460 = 0. What is the hundreds digit of h?
1
Let y(p) = -p**3 - 11*p**2 - 8*p - 7. What is the units digit of y(-12)?
3
Let p be 34/10 - 6/(-10). Let s(o) be the third derivative of o**5/60 - 2*o**3/3 - 4*o**2. What is the tens digit of s(p)?
1
Let r(s) = -s + 9. Let y be r(9). Let p = 7 - 4. Suppose -p*q - q + 8 = y. What is the units digit of q?
2
Let u(q) = -7*q - 1. Let b(n) = -n**3 + n**2 + 1. Let i be b(0). Suppose 1 = -g - i. What is the tens digit of u(g)?
1
Suppose -32 = -r + 1. What is the tens digit of r?
3
Suppose -5*s = 6*w - w - 25, 5*w = -2*s + 16. Suppose -b + 3 = 2*i, -4 = -s*i + 2*b - 3. What is the units digit of i?
1
Let o be -1*4*(-3)/4. Let m = -4 + o. What is the units digit of 12/9*-3*m?
4
What is the units digit of (18/27)/(4/6)?
1
Let g(a) = 131*a**2 + 1. What is the tens digit of g(1)?
3
Let o = -86 - -160. What is the units digit of o?
4
Let a(o) = -o - 2. Let v be a(-7). Suppose 7*k - 28 = v*k. What is the tens digit of k?
1
Suppose -6*t - 2*c = -9*t + 1129, 0 = 2*c + 10. What is the tens digit of t?
7
Suppose -5*w + 3 + 12 = 0. What is the units digit of w?
3
Let r(a) = -a**2 + 8*a. Let p(k) = k**2 + 4*k + 1. Let f be p(-5). What is the tens digit of r(f)?
1
Suppose -3*n + 5 = 14. What is the tens digit of (-2 + (-6 - -1))*n?
2
Let z(n) be the second derivative of -n**3/6 + 9*n**2/2 + 2*n. Let q be z(4). Suppose f + 2*f = -5*h + 6, q*f = -h + 10. What is the units digit of f?
2
Let m(j) = j**3 - 2*j**2 - 3*j + 3. Let i be m(3). Let z be (17/i)/((-4)/12). Let q = 27 + z. What is the units digit of q?
0
What is the tens digit of (216/(-21))/(6/(-56))?
9
Let a = 59 + 64. What is the units digit of a?
3
Let v = 14 - -15. Let o = -17 + v. Let i = o + -8. What is the units digit of i?
4
Let y(t) = -t**2 - 9*t - 9. Let l be y(-7). Suppose 0*g - 3*g = l*k - 7, g = -4*k + 7. Suppose -18 = -k*d + 2. What is the units digit of d?
0
Let c(t) = -t - 5. Let k be c(-7). Suppose k*b + 3*b - 20 = 0. What is the units digit of b?
4
Let j = 4 - 0. Suppose -m = -f - 0 - 2, -2*f - 12 = -j*m. Suppose -56 = -4*h - 4*y, 0*h + 2*y + f = h. What is the units digit of h?
0
Let p be 2/(-8) - 5/(-20). Suppose -2*a = -p - 6. Suppose 1 = o - a. What is the units digit of o?
4
Suppose 0 = -4*l + 4, h - l - 67 = -h. What is the tens digit of h?
3
Suppose -4*m + 250 = 4*y + m, 3*m + 6 = 0. What is the tens digit of y?
6
Suppose 0*u = -3*u + 420. What is the hundreds digit of u?
1
Let q = -393 + 562. What is the tens digit of q?
6
Suppose 5*m = -5, 0 = -v - m + 3*m + 54. What is the units digit of v?
2
Let o(v) = -2*v**3 + v**2 + v. Suppose -3*p - p - 4 = 0. Let t be o(p). Let l = t + 10. What is the tens digit of l?
1
Suppose 0*p = 4*p - 20. Suppose -5*r - 3*g = -1, -3*g - 1 = p*r - r. Suppose -5*n - 2*u = -10, n - 3*u - r = u. What is the units digit of n?
2
What is the units digit of -6*(63/(-6) - -4)?
9
What is the tens digit of (-3)/(-6)*-2 + 44?
4
Suppose 0*a + 33 = c + 2*a, 4*c - 168 = 4*a. What is the units digit of c?
9
Let q = -5 + 4. What is the units digit of (q - 0)/((-1)/12)?
2
Let w(r) = r**2 - 2*r + 3. What is the units digit of w(3)?
6
Let u(f) = -f + 4. Let n = 7 + -19. What is the tens digit of u(n)?
1
Suppose 11*f - 10*f - 37 = 0. What is the units digit of f?
7
Let n be (-1 - 1)*(-63)/(-6). Let w = n + 35. What is the units digit of w?
4
Suppose 3*y = -4*i + 6*y + 341, 3*i - 252 = y. What is the tens digit of i?
8
Suppose 5*j + 11 + 3 = -4*b, 12 = -2*b - 5*j. What is the units digit of (-8 - b)/(8/(-16))?
4
Let n(q) = -6*q + 15. What is the tens digit of n(-5)?
4
Let x(k) = k**3 - 7*k**2 + 6. Let r(m) = -m**3 + m**2 + 2*m - 1. Let z be 0 - (-4)/(-3 - -1). Let j be r(z). What is the units digit of x(j)?
6
Let x(h) = -h**2 - 9*h + 9. Let v be (-1)/4 - 156/16. Let t be x(v). Let r = 12 + t. What is the units digit of r?
1
Let p be (-3)/(((-45)/6)/5). Suppose 0 = 2*q - p*m - 10, 0 = 3*q - 0*m + 4*m - 43. What is the units digit of q?
9
Let n(s) = s**2 + s + 4. Let b(o) = o + 4. Let i be b(-4). Let x be n(i). Suppose 0 = x*f - 3*f - 8. What is the units digit of f?
8
Suppose 0*h = 2*h - 8. Suppose -2*z + 4*z = a - 12, 5*a - 8 = -3*z. Let c = a + h. What is the units digit of c?
8
Suppose -2*p = -s - 5, 3*s + 22 = -2*p - 17. Let u = s - -21. What is the units digit of u?
0
Let g = 10 + -5. Suppose -q + g*q - 72 = 0. What is the tens digit of q?
1
Suppose 0*r + 27 = 5*x + 3*r, 3*x - 17 = -2*r. Suppose x*v = 6*v - 5*i - 2, 3*v - 8 = 2*i. What is the units digit of v?
4
Let d = -1 + -3. Suppose -30 = -3*k - k + 3*a, a = -2. What is the units digit of 3/k - 42/d?
1
Let j(b) = b**2 + 9*b - 10. Let i be j(-7). Let c = i - -13. Let f = 15 + c. What is the units digit of f?
4
Let l(y) = y**3 + 10*y**2 + 9*y. Let r be l(-9). Suppose 3*a - 132 + 12 = r. What is the tens digit of a?
4
Let x be 40/(-6)*36/(-8). Let g = -67 + 46. Let w = g + x. What is the units digit of w?
9
What is the tens digit of 15/(-20) - (-390)/8?
4
Suppose -4 = -l + 1, 4*f - l - 399 = 0. What is the units digit of f?
1
Suppose -c = x - 6 + 3, x + 17 = 3*c. Let s = 9 - c. What is the units digit of s?
4
Suppose 2*y - 15 = -5*o, -4*y = 5*o + y. Suppose -o*q + 16 = 4*z, -q - 3*z + 2 = -z. Suppose -q = -3*i - 1. What is the units digit of i?
1
Suppose -9 = y - 16. Suppose 37 = 4*i - 5*m, -y*i + 2*i + 37 = 3*m. What is the units digit of i?
8
Let c(y) = -12*y + 4. Let q be c(-3). Suppose 3*z - q = z. What is the tens digit of z?
2
Suppose -227 = 5*p - 3*r, -207 = 8*p - 3*p + 2*r. Let i = p - -61. Suppose 0*k - i = -3*k. What is the units digit of k?
6
Let n(y) = y**2 + 6*y - 3. Suppose -20 = 2*u + 3*f, 0 = -u - 0*u + 5*f + 3. What is the units digit of n(u)?
4
Let g = 17 + -1. What is the units digit of g?
6
Let d be -1 + (-6)/(-3) + 1. Suppose 0 = -d*q - 0*q + 48. What is the tens digit of q?
2
Let q = -17 + 2. What is the units digit of (-183)/q + 2/(-10)?
2
Let r = 6 + 0. Suppose -175 = -r*v + v. What is the tens digit of v?
3
Let n = -1 + 5. Let q = 6 + n. Let d = 19 - q. What is the units digit of d?
9
Let c be (-8)/(-20) - (-8)/5. Suppose u = -c*u + 21. What is the units digit of u?
7
Suppose -2*r + 0*d = 4*d - 32, -2*r - 2*d = -36. What is the tens digit of r?
2
Let c(h) = -263*h - 9. What is the tens dig